{"id":1909,"date":"2017-03-22T00:24:16","date_gmt":"2017-03-22T00:24:16","guid":{"rendered":"https:\/\/www.sportium.com.mx\/blog\/?page_id=1909"},"modified":"2023-06-19T10:13:42","modified_gmt":"2023-06-19T16:13:42","slug":"personaltrainer-sportium","status":"publish","type":"page","link":"https:\/\/www.sportium.com.mx\/blog\/personaltrainer-sportium\/","title":{"rendered":"Te animaste a dar el primer paso: ahora elige a tu Personal Trainer \u00a1y logra tus objetivos!"},"content":{"rendered":"<h4><\/h4>\n\n\n<\/h4>\n<h4 class=\"wp-block-heading\">\u00bfQu\u00e9 es un\u00a0<strong>Personal Trainer<\/strong>?<\/h4>\n<h4>\n\n\n\n<\/h4>\nUn\u00a0<em>Personal Trainer<\/em>\u00a0o\u00a0<strong>entrenador personal<\/strong>\u00a0es un profesional que se ocupa de la ense\u00f1anza de ejercicios f\u00edsicos y que adem\u00e1s, te ayudar\u00e1 a llegar a tus objetivos mucho m\u00e1s r\u00e1pido que con un programa de entrenamiento regular. Contamos con\u00a0<em>Personal Trainer<\/em>\u00a0tanto para\u00a0<strong>Acondicionamiento F\u00edsico<\/strong>\u00a0como para\u00a0<strong>Alberca.\u00a0<\/strong>Su programa de entrenamiento se adaptar\u00e1 a tus tiempos, gustos y necesidades.\n<h4>\n\n\n\n<\/h4>\nExisten diferentes programas de entrenamiento, sin embargo, todos se basan en el principio de brindarte un entrenamiento de calidad que se adapte a tus objetivos, respetando los gustos y necesidades de cada persona.\n<a href=\"https:\/\/i0.wp.com\/www.sportium.com.mx\/blog\/wp-content\/uploads\/personal-trainer-logo.jpg?ssl=1\"><img data-recalc-dims=\"1\" loading=\"lazy\" decoding=\"async\" class=\"aligncenter  wp-image-16785\" src=\"https:\/\/i0.wp.com\/www.sportium.com.mx\/blog\/wp-content\/uploads\/personal-trainer-logo.jpg?resize=495%2C241&#038;ssl=1\" alt=\"\" width=\"495\" height=\"241\" srcset=\"https:\/\/i0.wp.com\/www.sportium.com.mx\/blog\/wp-content\/uploads\/personal-trainer-logo.jpg?resize=300%2C146&amp;ssl=1 300w, https:\/\/i0.wp.com\/www.sportium.com.mx\/blog\/wp-content\/uploads\/personal-trainer-logo.jpg?w=535&amp;ssl=1 535w\" sizes=\"(max-width: 495px) 100vw, 495px\" \/><\/a>\n<h4>\n\n\n\n<\/h4>\n<h4 class=\"wp-block-heading\"><strong>BENEFICIOS DE CONTAR CON UN PERSONAL TRAINER<\/strong><\/h4>\n<h4>\n\n\n\n<\/h4>\n\u2013 Alcanza tu objetivo m\u00e1s r\u00e1pido.\n<h4>\n\n\n\n<\/h4>\n\u2013 Programa de entrenamiento dise\u00f1ado espec\u00edficamente para ti.\n<h4>\n\n\n\n<\/h4>\n\u2013 Acompa\u00f1amiento durante tu entrenamiento.\n<h4>\n\n\n\n<\/h4>\n\u2013 Entrenamientos variados, divertidos y efectivos.\n<h4>\n\n\n\n<\/h4>\n<h1 class=\"wp-block-heading\"><strong>TIPOS DE PROGRAMAS DE ENTRENAMIENTO<\/strong><\/h1>\n<h4>\n\n\n\n<\/h4>\nAplican tanto para A.F. como para alberca.\n<h4>\n\n\n\n<\/h4>\n<h4 class=\"wp-block-heading\"><strong>SESI\u00d3N UNO A UNO<\/strong><\/h4>\n<h4>\n\n\n\n<\/h4>\nConsiste en una sesi\u00f3n de entrenamiento dirigido por el\u00a0<em>Personal Trainer<\/em>, exclusivo para un usuario a la vez y se lleva a cabo en cualquier horario o fecha previamente pactado entre el\u00a0<em>Personal Trainer<\/em>\u00a0y t\u00fa (no puede ser en \u00abhorario open\u00bb). Puedes adquirir desde una sesi\u00f3n o en paquete de 10 sesiones uno a uno.\n<h4>\n\n\n\n<\/h4>\nConsulta costos en Coordinaci\u00f3n Deportiva o Front Desk de tu club Sportium.\n<h4>\n\n\n\n<\/h4>\n<h4 class=\"wp-block-heading\"><strong>SESI\u00d3N OPEN<\/strong><\/h4>\n<h4>\n\n\n\n<\/h4>\nSesi\u00f3n de entrenamiento dirigido por el\u00a0<em>Personal Trainer<\/em>\u00a0en la cual pueden coincidir varios usuarios en un mismo horario designado conforme la agenda de cada\u00a0<em>Personal Trainer<\/em>. El horario open se comunica al grupo de usuarios con este tipo de entrenamiento\u00a0para que puedan elegir cu\u00e1ndo quieren asistir. En este tipo de entrenamiento puedes elegir desde una sesi\u00f3n hasta un paquete de 10 sesiones y tendr\u00e1s 3 meses para llevarlas a cabo; tambi\u00e9n puedes optar por un plan mensual.\n<h4>\n\n\n\n<\/h4>\nConsulta costos en Coordinaci\u00f3n Deportiva o Front Desk de tu club Sportium.\n<h4>\n\n\n\n<\/h4>\n<h4 class=\"wp-block-heading\"><strong>SESIONES GRUPALES MENSUAL<\/strong><\/h4>\n<h4>\n\n\n\n<\/h4>\nEste tipo de entrenamiento consiste en 12 sesiones de entrenamiento grupal, conformadas por 3 sesiones semanales durante 4 semanas. Es posible manejar diferentes modalidades. El grupo y\u00a0<em>Personal Trainer<\/em>\u00a0en conjunto definen los d\u00edas y horas antes de comenzar el entrenamiento y se deber\u00e1n respetar los mismos hasta terminar el paquete.\n<h4>\n\n\n\n<\/h4>\nConsulta costos en Coordinaci\u00f3n Deportiva o Front Desk de tu club Sportium.\n<h4>\n\n\n\n<\/h4>\n<h4 class=\"wp-block-heading\"><strong>SESI\u00d3N ESPECIALIZADA<\/strong><\/h4>\n<h4>\n\n\n\n<\/h4>\nSi requieres asesor\u00eda especializada (nutrici\u00f3n, fisioterapia, etc.), puedes consultar la disponibilidad de entrenadores con las certificaciones necesarias en tu club. Este tipo de sesiones requieren autorizaci\u00f3n previa del equipo deportivo corporativo. Las encontrar\u00e1s disponibles en 1 o 5 sesiones especializadas.\n<h4>\n\n\n\n<\/h4>\nEl\u00a0<em>Personal Trainer Sportium<\/em>\u00a0se enfoca en ofrecer un entrenamiento \u00fanico, dise\u00f1ado a la medida de tus necesidades. Su misi\u00f3n es hacer que logres tus objetivos y resultados en menor tiempo y conforme a tus posibilidades. Olvida la rutina repetitiva, en Sportium obtendr\u00e1s los logros que deseas a trav\u00e9s del programa que tu\u00a0<em>Personal Trainer<\/em> dise\u00f1e para ti.\n<h4>\n\n\n<p><br \/><a href=\"https:\/\/www.sportium.com.mx\/servicios\/trainer\">Solicita tu Entrenador Personal<\/a> \u00a1y comienza el cambio <strong>HOY<\/strong>!<\/p>\n\n<hr>\n<p style=\"text-align: left;\"><\/p>","protected":false},"excerpt":{"rendered":"<p>\u00bfQu\u00e9 es un\u00a0Personal Trainer? Un\u00a0Personal Trainer\u00a0o\u00a0entrenador personal\u00a0es un profesional que se ocupa de la ense\u00f1anza de ejercicios f\u00edsicos y que adem\u00e1s, te ayudar\u00e1 a llegar a tus objetivos mucho m\u00e1s r\u00e1pido que con un programa de entrenamiento regular. Contamos con\u00a0Personal Trainer\u00a0tanto para\u00a0Acondicionamiento F\u00edsico\u00a0como para\u00a0Alberca.\u00a0Su programa de entrenamiento se adaptar\u00e1 a tus tiempos, gustos y necesidades.<a class=\"moretag\" href=\"https:\/\/www.sportium.com.mx\/blog\/personaltrainer-sportium\/\"><span class=\"screen-reader-text\">Leer m\u00e1s sobre Te animaste a dar el primer paso: ahora elige a tu Personal Trainer \u00a1y logra tus objetivos!<\/span>[&#8230;]<\/a><\/p>\n","protected":false},"author":11,"featured_media":16785,"parent":0,"menu_order":0,"comment_status":"open","ping_status":"closed","template":"","meta":{"om_disable_all_campaigns":false,"_monsterinsights_skip_tracking":false,"_monsterinsights_sitenote_active":false,"_monsterinsights_sitenote_note":"","_monsterinsights_sitenote_category":0,"jetpack_post_was_ever_published":false,"footnotes":""},"aioseo_notices":[],"jetpack_sharing_enabled":true,"jetpack_shortlink":"https:\/\/wp.me\/P44S03-uN","jetpack-related-posts":[],"_links":{"self":[{"href":"https:\/\/www.sportium.com.mx\/blog\/wp-json\/wp\/v2\/pages\/1909"}],"collection":[{"href":"https:\/\/www.sportium.com.mx\/blog\/wp-json\/wp\/v2\/pages"}],"about":[{"href":"https:\/\/www.sportium.com.mx\/blog\/wp-json\/wp\/v2\/types\/page"}],"author":[{"embeddable":true,"href":"https:\/\/www.sportium.com.mx\/blog\/wp-json\/wp\/v2\/users\/11"}],"replies":[{"embeddable":true,"href":"https:\/\/www.sportium.com.mx\/blog\/wp-json\/wp\/v2\/comments?post=1909"}],"version-history":[{"count":12,"href":"https:\/\/www.sportium.com.mx\/blog\/wp-json\/wp\/v2\/pages\/1909\/revisions"}],"predecessor-version":[{"id":23382,"href":"https:\/\/www.sportium.com.mx\/blog\/wp-json\/wp\/v2\/pages\/1909\/revisions\/23382"}],"wp:featuredmedia":[{"embeddable":true,"href":"https:\/\/www.sportium.com.mx\/blog\/wp-json\/wp\/v2\/media\/16785"}],"wp:attachment":[{"href":"https:\/\/www.sportium.com.mx\/blog\/wp-json\/wp\/v2\/media?parent=1909"}],"curies":[{"name":"wp","href":"https:\/\/api.w.org\/{rel}","templated":true}]}}