{"id":1932,"date":"2017-03-24T16:46:45","date_gmt":"2017-03-24T16:46:45","guid":{"rendered":"https:\/\/www.sportium.com.mx\/blog\/?page_id=1932"},"modified":"2021-08-20T00:03:42","modified_gmt":"2021-08-20T05:03:42","slug":"cuota-preferencial","status":"publish","type":"page","link":"https:\/\/www.sportium.com.mx\/blog\/promociones-sportium\/cuota-preferencial\/","title":{"rendered":"Cuota Preferencial"},"content":{"rendered":"<p>\u00a1Aprovecha la cuota preferencial que tienes por pagar tu mantenimiento mensual durante los primeros\u00a0 d\u00edas de cada mes!<\/p>\n<p>Recuerda que el d\u00eda 5 de cada mes es la fecha l\u00edmite para realizar el pago de tu mensualidad de manera oportuna. Puedes hacerlo m\u00e1s c\u00f3modo y sencillo direccionando a tu tarjeta de cr\u00e9dito.<\/p>\n<p>\u00a1Sigue entrenando sin filas, sin recargos y con toda la actitud!<\/p>\n<div class='_form_19'><\/div><script type='text\/javascript' src='https:\/\/sportium.activehosted.com\/f\/embed.php?static=0&id=19&69F71FA682673&nostyles=0&preview=0'><\/script>\n<p><!--more--><\/p>\n<div><span style=\"font-family: lato, 'helvetica neue', helvetica, arial, sans-serif;\"><span class=\"im\"><span style=\"color: #6a6c6e;\">Tarjetas participantes:\u00a0Visa,\u00a0<\/span><\/span><\/span>\u00a0Mastercard y\u00a0American Express. Excepto Bancos Extranjeros.<\/div>\n<div>Al hacer un pago deber\u00e1n de recibir una factura y queda reflejado en el sistema.<\/div>\n<div><\/div>\n","protected":false},"excerpt":{"rendered":"<p>\u00a1Aprovecha la cuota preferencial que tienes por pagar tu mantenimiento mensual durante los primeros\u00a0 d\u00edas de cada mes! Recuerda que el d\u00eda 5 de cada mes es la fecha l\u00edmite para realizar el pago de tu mensualidad de manera oportuna. Puedes hacerlo m\u00e1s c\u00f3modo y sencillo direccionando a tu tarjeta de cr\u00e9dito. \u00a1Sigue entrenando sin<a class=\"moretag\" href=\"https:\/\/www.sportium.com.mx\/blog\/promociones-sportium\/cuota-preferencial\/\"><span class=\"screen-reader-text\">Leer m\u00e1s sobre Cuota Preferencial<\/span>[&#8230;]<\/a><\/p>\n","protected":false},"author":11,"featured_media":0,"parent":1436,"menu_order":0,"comment_status":"closed","ping_status":"closed","template":"","meta":{"om_disable_all_campaigns":false,"_monsterinsights_skip_tracking":false,"_monsterinsights_sitenote_active":false,"_monsterinsights_sitenote_note":"","_monsterinsights_sitenote_category":0,"jetpack_post_was_ever_published":false,"footnotes":""},"aioseo_notices":[],"jetpack_sharing_enabled":true,"jetpack_shortlink":"https:\/\/wp.me\/P44S03-va","jetpack-related-posts":[],"_links":{"self":[{"href":"https:\/\/www.sportium.com.mx\/blog\/wp-json\/wp\/v2\/pages\/1932"}],"collection":[{"href":"https:\/\/www.sportium.com.mx\/blog\/wp-json\/wp\/v2\/pages"}],"about":[{"href":"https:\/\/www.sportium.com.mx\/blog\/wp-json\/wp\/v2\/types\/page"}],"author":[{"embeddable":true,"href":"https:\/\/www.sportium.com.mx\/blog\/wp-json\/wp\/v2\/users\/11"}],"replies":[{"embeddable":true,"href":"https:\/\/www.sportium.com.mx\/blog\/wp-json\/wp\/v2\/comments?post=1932"}],"version-history":[{"count":7,"href":"https:\/\/www.sportium.com.mx\/blog\/wp-json\/wp\/v2\/pages\/1932\/revisions"}],"predecessor-version":[{"id":15712,"href":"https:\/\/www.sportium.com.mx\/blog\/wp-json\/wp\/v2\/pages\/1932\/revisions\/15712"}],"up":[{"embeddable":true,"href":"https:\/\/www.sportium.com.mx\/blog\/wp-json\/wp\/v2\/pages\/1436"}],"wp:attachment":[{"href":"https:\/\/www.sportium.com.mx\/blog\/wp-json\/wp\/v2\/media?parent=1932"}],"curies":[{"name":"wp","href":"https:\/\/api.w.org\/{rel}","templated":true}]}}