{"id":2355,"date":"2017-04-27T19:47:41","date_gmt":"2017-04-27T19:47:41","guid":{"rendered":"https:\/\/www.sportium.com.mx\/blog\/?page_id=2355"},"modified":"2023-11-08T17:30:34","modified_gmt":"2023-11-08T23:30:34","slug":"fin-de-semana","status":"publish","type":"page","link":"https:\/\/www.sportium.com.mx\/blog\/fin-de-semana\/","title":{"rendered":"Inscripci\u00f3n Fin de Semana"},"content":{"rendered":"<p>Si eres de los que espera el fin de semana para ejercitarse sin prisas, entonces puedes elegir nuestra <strong>inscripci\u00f3n de fin de semana<\/strong>, adqui\u00e9rela y disfruta de todas las actividades que tenemos en Sportium para ti como:<\/p>\n<ul>\n<li><strong>Gimnasio<\/strong><\/li>\n<li><strong>Nataci\u00f3n<\/strong><\/li>\n<li><strong>Clases dirigidas<\/strong><\/li>\n<li><strong>Box<\/strong><\/li>\n<li><strong>Squash<\/strong><\/li>\n<li><strong>Yoga<\/strong><\/li>\n<li><strong>Zumba<\/strong><\/li>\n<li><strong>Cl\u00ednicas<\/strong><\/li>\n<li><strong>Liga de f\u00fatbol<\/strong><\/li>\n<li><strong>Basquetbol\u00a0<\/strong><\/li>\n<li><strong>Parkour<\/strong><\/li>\n<li><strong>Escalada<\/strong><\/li>\n<li><strong>Body Systems<\/strong><\/li>\n<\/ul>\n<p>\u00a1y m\u00e1s!<\/p>\n<p>Adem\u00e1s puedes utilizar nuestros servicios como:<\/p>\n<ul>\n<li>Sauna<\/li>\n<li>Vapor<\/li>\n<li>Asesor\u00edas m\u00e9dicas y de nutrici\u00f3n*<\/li>\n<li>Camas de hidromasaje*<\/li>\n<\/ul>\n<p>Y para los m\u00e1s peques de la casa, tenemos el lugar ideal para que tus hijos se diviertan mientras tu te ejercitas: <a href=\"https:\/\/www.sportium.com.mx\/blog\/action-kids-sportium\/\"><strong>Action Kids<\/strong><\/a>. Tambi\u00e9n, contamos con eventos deportivos todo el a\u00f1o, \u00a1inscr\u00edbete y empieza un nuevo estilo de vida!<\/p>\n<p><strong>*La asesor\u00edas m\u00e9dicas y de nutrici\u00f3n, como las camas de hidromasaje, son exclusivas para usuarios Premium y Premium Plus*<\/strong><\/p>\n<h4><a href=\"https:\/\/www.sportium.com.mx\/inscripcion\/fines\">\u00a1INSCR\u00cdBETE YA!<\/a><\/h4>\n<p><a href=\"https:\/\/i0.wp.com\/www.sportium.com.mx\/blog\/wp-content\/uploads\/entrada_blog_eventos_club_familiar_club_deportivo_sportium9.jpg?ssl=1\"><img data-recalc-dims=\"1\" loading=\"lazy\" decoding=\"async\" class=\"alignnone size-full wp-image-24215\" src=\"https:\/\/i0.wp.com\/www.sportium.com.mx\/blog\/wp-content\/uploads\/entrada_blog_eventos_club_familiar_club_deportivo_sportium9.jpg?resize=730%2C410&#038;ssl=1\" alt=\"\" width=\"730\" height=\"410\" srcset=\"https:\/\/i0.wp.com\/www.sportium.com.mx\/blog\/wp-content\/uploads\/entrada_blog_eventos_club_familiar_club_deportivo_sportium9.jpg?w=1025&amp;ssl=1 1025w, https:\/\/i0.wp.com\/www.sportium.com.mx\/blog\/wp-content\/uploads\/entrada_blog_eventos_club_familiar_club_deportivo_sportium9.jpg?resize=300%2C169&amp;ssl=1 300w, https:\/\/i0.wp.com\/www.sportium.com.mx\/blog\/wp-content\/uploads\/entrada_blog_eventos_club_familiar_club_deportivo_sportium9.jpg?resize=768%2C432&amp;ssl=1 768w\" sizes=\"(max-width: 730px) 100vw, 730px\" \/><\/a><\/p>\n","protected":false},"excerpt":{"rendered":"<p>Si eres de los que espera el fin de semana para ejercitarse sin prisas, entonces puedes elegir nuestra inscripci\u00f3n de fin de semana, adqui\u00e9rela y disfruta de todas las actividades que tenemos en Sportium para ti como: Gimnasio Nataci\u00f3n Clases dirigidas Box Squash Yoga Zumba Cl\u00ednicas Liga de f\u00fatbol Basquetbol\u00a0 Parkour Escalada Body Systems \u00a1y<a class=\"moretag\" href=\"https:\/\/www.sportium.com.mx\/blog\/fin-de-semana\/\"><span class=\"screen-reader-text\">Leer m\u00e1s sobre Inscripci\u00f3n Fin de Semana<\/span>[&#8230;]<\/a><\/p>\n","protected":false},"author":11,"featured_media":0,"parent":0,"menu_order":0,"comment_status":"closed","ping_status":"closed","template":"","meta":{"om_disable_all_campaigns":false,"_monsterinsights_skip_tracking":false,"_monsterinsights_sitenote_active":false,"_monsterinsights_sitenote_note":"","_monsterinsights_sitenote_category":0,"jetpack_post_was_ever_published":false,"footnotes":""},"aioseo_notices":[],"jetpack_sharing_enabled":true,"jetpack_shortlink":"https:\/\/wp.me\/P44S03-BZ","jetpack-related-posts":[],"_links":{"self":[{"href":"https:\/\/www.sportium.com.mx\/blog\/wp-json\/wp\/v2\/pages\/2355"}],"collection":[{"href":"https:\/\/www.sportium.com.mx\/blog\/wp-json\/wp\/v2\/pages"}],"about":[{"href":"https:\/\/www.sportium.com.mx\/blog\/wp-json\/wp\/v2\/types\/page"}],"author":[{"embeddable":true,"href":"https:\/\/www.sportium.com.mx\/blog\/wp-json\/wp\/v2\/users\/11"}],"replies":[{"embeddable":true,"href":"https:\/\/www.sportium.com.mx\/blog\/wp-json\/wp\/v2\/comments?post=2355"}],"version-history":[{"count":6,"href":"https:\/\/www.sportium.com.mx\/blog\/wp-json\/wp\/v2\/pages\/2355\/revisions"}],"predecessor-version":[{"id":24216,"href":"https:\/\/www.sportium.com.mx\/blog\/wp-json\/wp\/v2\/pages\/2355\/revisions\/24216"}],"wp:attachment":[{"href":"https:\/\/www.sportium.com.mx\/blog\/wp-json\/wp\/v2\/media?parent=2355"}],"curies":[{"name":"wp","href":"https:\/\/api.w.org\/{rel}","templated":true}]}}