{"id":2606,"date":"2017-05-22T23:13:01","date_gmt":"2017-05-22T23:13:01","guid":{"rendered":"https:\/\/www.sportium.com.mx\/blog\/?page_id=2606"},"modified":"2021-06-21T18:58:16","modified_gmt":"2021-06-21T23:58:16","slug":"corporativo","status":"publish","type":"page","link":"https:\/\/www.sportium.com.mx\/blog\/corporativo\/","title":{"rendered":"Corporativo"},"content":{"rendered":"<p>Mant\u00e9n la salud, el bienestar y sobre todo una excelente actitud de la fuerza laboral de tu empresa, con las diferentes actividades recreativas y deportivas que manejamos dentro de nuestras instalaciones.<\/p>\n<p>\u00a1Br\u00edndales una vida m\u00e1s saludable!<\/p>\n<p><strong>Beneficios:<\/strong><\/p>\n<ul>\n<li>Mejora el clima laboral<\/li>\n<li>Incrementa su productividad<\/li>\n<li>Disminuye ausencias e incapacidades<\/li>\n<li>Reduce costos en tus p\u00f3lizas de seguros<\/li>\n<\/ul>\n<p><strong>Conoce nuestros planes corporativos:<\/strong><\/p>\n<p>Vive: Este programa dura 12 semanas y en \u00e9l se busca mejorar los h\u00e1bitos alimenticios y la condici\u00f3n f\u00edsica de tus empleados, realizando actividad f\u00edsica en un lugar seguro con equipo de vanguardia y entrenadores capacitados.<\/p>\n<p>Act\u00edvate: El objetivo de este plan se basa en integrar a tus empleados de una manera saludable, mejorando su salud y rendimiento, obteniendo incrementos en autoestima, autoconfianza y productividad.<\/p>\n<p>Cont\u00e1ctanos a:<\/p>\n<p>Tel\u00e9fono: 5510002500<\/p>\n<p>Correo electr\u00f3nico: info@sportium.com.mx<\/p>\n","protected":false},"excerpt":{"rendered":"<p>Mant\u00e9n la salud, el bienestar y sobre todo una excelente actitud de la fuerza laboral de tu empresa, con las diferentes actividades recreativas y deportivas que manejamos dentro de nuestras instalaciones. \u00a1Br\u00edndales una vida m\u00e1s saludable! Beneficios: Mejora el clima laboral Incrementa su productividad Disminuye ausencias e incapacidades Reduce costos en tus p\u00f3lizas de seguros<a class=\"moretag\" href=\"https:\/\/www.sportium.com.mx\/blog\/corporativo\/\"><span class=\"screen-reader-text\">Leer m\u00e1s sobre Corporativo<\/span>[&#8230;]<\/a><\/p>\n","protected":false},"author":11,"featured_media":0,"parent":0,"menu_order":0,"comment_status":"closed","ping_status":"closed","template":"","meta":{"om_disable_all_campaigns":false,"_monsterinsights_skip_tracking":false,"_monsterinsights_sitenote_active":false,"_monsterinsights_sitenote_note":"","_monsterinsights_sitenote_category":0,"jetpack_post_was_ever_published":false,"footnotes":""},"aioseo_notices":[],"jetpack_sharing_enabled":true,"jetpack_shortlink":"https:\/\/wp.me\/P44S03-G2","jetpack-related-posts":[],"_links":{"self":[{"href":"https:\/\/www.sportium.com.mx\/blog\/wp-json\/wp\/v2\/pages\/2606"}],"collection":[{"href":"https:\/\/www.sportium.com.mx\/blog\/wp-json\/wp\/v2\/pages"}],"about":[{"href":"https:\/\/www.sportium.com.mx\/blog\/wp-json\/wp\/v2\/types\/page"}],"author":[{"embeddable":true,"href":"https:\/\/www.sportium.com.mx\/blog\/wp-json\/wp\/v2\/users\/11"}],"replies":[{"embeddable":true,"href":"https:\/\/www.sportium.com.mx\/blog\/wp-json\/wp\/v2\/comments?post=2606"}],"version-history":[{"count":2,"href":"https:\/\/www.sportium.com.mx\/blog\/wp-json\/wp\/v2\/pages\/2606\/revisions"}],"predecessor-version":[{"id":15273,"href":"https:\/\/www.sportium.com.mx\/blog\/wp-json\/wp\/v2\/pages\/2606\/revisions\/15273"}],"wp:attachment":[{"href":"https:\/\/www.sportium.com.mx\/blog\/wp-json\/wp\/v2\/media?parent=2606"}],"curies":[{"name":"wp","href":"https:\/\/api.w.org\/{rel}","templated":true}]}}