{"id":2634,"date":"2017-05-29T16:45:42","date_gmt":"2017-05-29T16:45:42","guid":{"rendered":"https:\/\/www.sportium.com.mx\/blog\/?page_id=2634"},"modified":"2017-05-29T16:46:39","modified_gmt":"2017-05-29T16:46:39","slug":"cuales-las-temperaturas-reglamentadas-del-aire-acondicionado-alberca-vapor-etc","status":"publish","type":"page","link":"https:\/\/www.sportium.com.mx\/blog\/preguntas-frecuentes\/cuales-las-temperaturas-reglamentadas-del-aire-acondicionado-alberca-vapor-etc\/","title":{"rendered":"\u00bfCu\u00e1les son las temperaturas reglamentadas del aire acondicionado, alberca, vapor, etc?"},"content":{"rendered":"<p>La temperatura del agua en nuestras albercas va de los 29.5\u00baC a los 30.5\u00baC, ya que estamos catalogados como una alberca recreativa, ideal para hacer ejercitarse, refrescarse y llevar cualquier actividad acu\u00e1tica.<br \/>\nLa temperatura del aire acondicionado oscila entre 1\u00baC a 2.5\u00baC arriba de la temperatura de la piscina, la humedad la mantenemos entre 40% y 60% lo cual ayuda a reducir la cantidad de evaporaci\u00f3n, para brindar as\u00ed comodidad a nuestros usuarios y protecci\u00f3n al edificio y equipo.<\/p>\n","protected":false},"excerpt":{"rendered":"<p>La temperatura del agua en nuestras albercas va de los 29.5\u00baC a los 30.5\u00baC, ya que estamos catalogados como una alberca recreativa, ideal para hacer ejercitarse, refrescarse y llevar cualquier actividad acu\u00e1tica. La temperatura del aire acondicionado oscila entre 1\u00baC a 2.5\u00baC arriba de la temperatura de la piscina, la humedad la mantenemos entre 40%<a class=\"moretag\" href=\"https:\/\/www.sportium.com.mx\/blog\/preguntas-frecuentes\/cuales-las-temperaturas-reglamentadas-del-aire-acondicionado-alberca-vapor-etc\/\"><span class=\"screen-reader-text\">Leer m\u00e1s sobre \u00bfCu\u00e1les son las temperaturas reglamentadas del aire acondicionado, alberca, vapor, etc?<\/span>[&#8230;]<\/a><\/p>\n","protected":false},"author":11,"featured_media":0,"parent":1892,"menu_order":0,"comment_status":"closed","ping_status":"closed","template":"","meta":{"om_disable_all_campaigns":false,"_monsterinsights_skip_tracking":false,"_monsterinsights_sitenote_active":false,"_monsterinsights_sitenote_note":"","_monsterinsights_sitenote_category":0,"jetpack_post_was_ever_published":false,"footnotes":""},"aioseo_notices":[],"jetpack_sharing_enabled":true,"jetpack_shortlink":"https:\/\/wp.me\/P44S03-Gu","jetpack-related-posts":[],"_links":{"self":[{"href":"https:\/\/www.sportium.com.mx\/blog\/wp-json\/wp\/v2\/pages\/2634"}],"collection":[{"href":"https:\/\/www.sportium.com.mx\/blog\/wp-json\/wp\/v2\/pages"}],"about":[{"href":"https:\/\/www.sportium.com.mx\/blog\/wp-json\/wp\/v2\/types\/page"}],"author":[{"embeddable":true,"href":"https:\/\/www.sportium.com.mx\/blog\/wp-json\/wp\/v2\/users\/11"}],"replies":[{"embeddable":true,"href":"https:\/\/www.sportium.com.mx\/blog\/wp-json\/wp\/v2\/comments?post=2634"}],"version-history":[{"count":2,"href":"https:\/\/www.sportium.com.mx\/blog\/wp-json\/wp\/v2\/pages\/2634\/revisions"}],"predecessor-version":[{"id":2636,"href":"https:\/\/www.sportium.com.mx\/blog\/wp-json\/wp\/v2\/pages\/2634\/revisions\/2636"}],"up":[{"embeddable":true,"href":"https:\/\/www.sportium.com.mx\/blog\/wp-json\/wp\/v2\/pages\/1892"}],"wp:attachment":[{"href":"https:\/\/www.sportium.com.mx\/blog\/wp-json\/wp\/v2\/media?parent=2634"}],"curies":[{"name":"wp","href":"https:\/\/api.w.org\/{rel}","templated":true}]}}