{"id":26453,"date":"2024-07-02T13:19:59","date_gmt":"2024-07-02T19:19:59","guid":{"rendered":"https:\/\/www.sportium.com.mx\/blog\/?page_id=26453"},"modified":"2025-01-07T11:05:32","modified_gmt":"2025-01-07T17:05:32","slug":"socio-premium-plus","status":"publish","type":"page","link":"https:\/\/www.sportium.com.mx\/blog\/socio-premium-plus\/","title":{"rendered":"Socio Premium Plus"},"content":{"rendered":"<p>Ser Socio Premium Plus, \u00a1te da grandes beneficios!<\/p>\n<p>En\u00a0<a title=\"\" href=\"https:\/\/sportium.com.mx\/inicio\">Sportium<\/a> nos preocupamos por ti y por ofrecerte el mejor servicio, por lo cual ahora nos reinventamos para ti, buscando generarte bienestar integral. Si buscas asistir a todos nuestros clubes, contar con beneficios, descuentos y participar en nuestros eventos y actividades, el <strong>Plan Premium Plus es para ti.<\/strong><\/p>\n<p>\u00bfCu\u00e1les son los beneficios de ser usuario Premium Plus?<\/p>\n<p><strong>-Acceso a TODOS nuestros clubes.<br \/>\n-Acceso a TODAS las actividades y eventos de nuestros clubes.<br \/>\n-Pases de invitado GRATIS cada mes.<br \/>\n-Uso de camas de hidromasaje<br \/>\n-Asesor\u00edas de nutrici\u00f3n GRATIS.<br \/>\n-DESCUENTOS en eventos y programas deportivos.<\/strong><\/p>\n<p>Ser usuario Premium Plus, tiene beneficios exclusivos que puedes aprovechar en cualquiera de nuestros clubes, adem\u00e1s de promociones y descuentos especiales para ti.<\/p>\n<p>\u00a1CONVI\u00c9RTETE AHORA MISMO Y COMIENZA A DISFRUTAR LOS GRANDES BENEFICIOS!*<\/p>\n<p>*Ac\u00e9rcate a Front Desk de tu club para conocer t\u00e9rminos y condiciones, cuotas y m\u00e1s informaci\u00f3n.<\/p>\n<p><a href=\"https:\/\/i0.wp.com\/www.sportium.com.mx\/blog\/wp-content\/uploads\/entrada_blog_sportium3-1-1.jpg?ssl=1\"><img data-recalc-dims=\"1\" loading=\"lazy\" decoding=\"async\" class=\"alignnone size-full wp-image-26509\" src=\"https:\/\/i0.wp.com\/www.sportium.com.mx\/blog\/wp-content\/uploads\/entrada_blog_sportium3-1-1.jpg?resize=730%2C410&#038;ssl=1\" alt=\"\" width=\"730\" height=\"410\" srcset=\"https:\/\/i0.wp.com\/www.sportium.com.mx\/blog\/wp-content\/uploads\/entrada_blog_sportium3-1-1.jpg?w=1025&amp;ssl=1 1025w, https:\/\/i0.wp.com\/www.sportium.com.mx\/blog\/wp-content\/uploads\/entrada_blog_sportium3-1-1.jpg?resize=300%2C169&amp;ssl=1 300w, https:\/\/i0.wp.com\/www.sportium.com.mx\/blog\/wp-content\/uploads\/entrada_blog_sportium3-1-1.jpg?resize=768%2C432&amp;ssl=1 768w\" sizes=\"(max-width: 730px) 100vw, 730px\" \/><\/a><\/p>\n","protected":false},"excerpt":{"rendered":"<p>Ser Socio Premium Plus, \u00a1te da grandes beneficios! En\u00a0Sportium nos preocupamos por ti y por ofrecerte el mejor servicio, por lo cual ahora nos reinventamos para ti, buscando generarte bienestar integral. Si buscas asistir a todos nuestros clubes, contar con beneficios, descuentos y participar en nuestros eventos y actividades, el Plan Premium Plus es para<a class=\"moretag\" href=\"https:\/\/www.sportium.com.mx\/blog\/socio-premium-plus\/\"><span class=\"screen-reader-text\">Leer m\u00e1s sobre Socio Premium Plus<\/span>[&#8230;]<\/a><\/p>\n","protected":false},"author":11,"featured_media":0,"parent":0,"menu_order":0,"comment_status":"closed","ping_status":"closed","template":"","meta":{"om_disable_all_campaigns":false,"_monsterinsights_skip_tracking":false,"_monsterinsights_sitenote_active":false,"_monsterinsights_sitenote_note":"","_monsterinsights_sitenote_category":0,"jetpack_post_was_ever_published":false,"footnotes":""},"aioseo_notices":[],"jetpack_sharing_enabled":true,"jetpack_shortlink":"https:\/\/wp.me\/P44S03-6SF","jetpack-related-posts":[],"_links":{"self":[{"href":"https:\/\/www.sportium.com.mx\/blog\/wp-json\/wp\/v2\/pages\/26453"}],"collection":[{"href":"https:\/\/www.sportium.com.mx\/blog\/wp-json\/wp\/v2\/pages"}],"about":[{"href":"https:\/\/www.sportium.com.mx\/blog\/wp-json\/wp\/v2\/types\/page"}],"author":[{"embeddable":true,"href":"https:\/\/www.sportium.com.mx\/blog\/wp-json\/wp\/v2\/users\/11"}],"replies":[{"embeddable":true,"href":"https:\/\/www.sportium.com.mx\/blog\/wp-json\/wp\/v2\/comments?post=26453"}],"version-history":[{"count":3,"href":"https:\/\/www.sportium.com.mx\/blog\/wp-json\/wp\/v2\/pages\/26453\/revisions"}],"predecessor-version":[{"id":28604,"href":"https:\/\/www.sportium.com.mx\/blog\/wp-json\/wp\/v2\/pages\/26453\/revisions\/28604"}],"wp:attachment":[{"href":"https:\/\/www.sportium.com.mx\/blog\/wp-json\/wp\/v2\/media?parent=26453"}],"curies":[{"name":"wp","href":"https:\/\/api.w.org\/{rel}","templated":true}]}}