{"id":26457,"date":"2024-07-02T13:22:28","date_gmt":"2024-07-02T19:22:28","guid":{"rendered":"https:\/\/www.sportium.com.mx\/blog\/?page_id=26457"},"modified":"2025-01-22T13:50:03","modified_gmt":"2025-01-22T19:50:03","slug":"consultorio-de-nutricion","status":"publish","type":"page","link":"https:\/\/www.sportium.com.mx\/blog\/consultorio-de-nutricion\/","title":{"rendered":"Consultorio de Nutrici\u00f3n"},"content":{"rendered":"<p>Tu Club Sportium te invita a conocer el NUEVO CONSULTORIO DE NUTRICI\u00d3N\u00a0ya disponible en nuestro <strong>Club Lomas Verdes<\/strong> y <strong>Sportium Del Valle!<\/strong><\/p>\n<p><a href=\"https:\/\/i0.wp.com\/www.sportium.com.mx\/blog\/wp-content\/uploads\/entrada_blog_sportium2-1-1.jpg?ssl=1\"><img data-recalc-dims=\"1\" loading=\"lazy\" decoding=\"async\" class=\"alignnone size-full wp-image-26516\" src=\"https:\/\/i0.wp.com\/www.sportium.com.mx\/blog\/wp-content\/uploads\/entrada_blog_sportium2-1-1.jpg?resize=730%2C410&#038;ssl=1\" alt=\"\" width=\"730\" height=\"410\" srcset=\"https:\/\/i0.wp.com\/www.sportium.com.mx\/blog\/wp-content\/uploads\/entrada_blog_sportium2-1-1.jpg?w=1025&amp;ssl=1 1025w, https:\/\/i0.wp.com\/www.sportium.com.mx\/blog\/wp-content\/uploads\/entrada_blog_sportium2-1-1.jpg?resize=300%2C169&amp;ssl=1 300w, https:\/\/i0.wp.com\/www.sportium.com.mx\/blog\/wp-content\/uploads\/entrada_blog_sportium2-1-1.jpg?resize=768%2C432&amp;ssl=1 768w\" sizes=\"(max-width: 730px) 100vw, 730px\" \/><\/a><\/p>\n<p>Ahora\u00a0<strong>Nutri\u00f3logos de Sportium<\/strong> se encargar\u00e1n de brindarte servicio de nutrici\u00f3n profesional, enfocada en tus metas y resultados.<\/p>\n<p>As\u00ed, las asesor\u00edas est\u00e1n disponibles en la comodidad de Sportium Lomas Verdes, con horarios que se adaptar\u00e1n a tu agenda. Y muy pronto este servicio llegar\u00e1 a Sportium Del Valle.<\/p>\n<p>\u00a1Este es un beneficio Premium! Si eres<strong>\u00a0Usuario Premium o Premium Plus,<\/strong>\u00a0podr\u00e1s asistir al servicio de nutrici\u00f3n \u00a1de forma ilimitada y<strong>\u00a0SIN COSTO!<\/strong>*<\/p>\n<p>Mientras que para\u00a0<strong>Usuarios Sportium Uniclub<\/strong>, cada asesor\u00eda contar\u00e1 con<strong>\u00a0costo preferencial de $250.\u00ba\u00ba<\/strong><\/p>\n<p><a href=\"https:\/\/i0.wp.com\/www.sportium.com.mx\/blog\/wp-content\/uploads\/PORTADAS-CONSULTORIOS.jpg?ssl=1\"><img data-recalc-dims=\"1\" loading=\"lazy\" decoding=\"async\" class=\"alignnone size-full wp-image-25938\" src=\"https:\/\/i0.wp.com\/www.sportium.com.mx\/blog\/wp-content\/uploads\/PORTADAS-CONSULTORIOS.jpg?resize=706%2C331&#038;ssl=1\" alt=\"\" width=\"706\" height=\"331\" srcset=\"https:\/\/i0.wp.com\/www.sportium.com.mx\/blog\/wp-content\/uploads\/PORTADAS-CONSULTORIOS.jpg?w=706&amp;ssl=1 706w, https:\/\/i0.wp.com\/www.sportium.com.mx\/blog\/wp-content\/uploads\/PORTADAS-CONSULTORIOS.jpg?resize=300%2C141&amp;ssl=1 300w, https:\/\/i0.wp.com\/www.sportium.com.mx\/blog\/wp-content\/uploads\/PORTADAS-CONSULTORIOS.jpg?resize=500%2C233&amp;ssl=1 500w\" sizes=\"(max-width: 706px) 100vw, 706px\" \/><\/a><\/p>\n<p>Para agendar tu cita,\u00a0<a title=\"\" href=\"https:\/\/linktr.ee\/sportiumclub\">haz click en este enlace<\/a> y selecciona el horario que mejor te acomode o tambi\u00e9n puedes acudir a Front Desk de nuestro Club Sportium Lomas Verdes o Del Valle.<\/p>\n<p>Cuando visites el servicio de nutrici\u00f3n, recibir\u00e1s un plan dise\u00f1ado para ti, enfocado en tus objetivos y llevar seguimiento.<\/p>\n<p>Para tu evaluaci\u00f3n\u00a0nutricional\u00a0es necesario:<\/p>\n<ul>\n<li>Presentarse con un short o licra y playera o blusa de tirantes, o con brazos descubiertos.<\/li>\n<li>No usar crema corporal el d\u00eda de la evaluaci\u00f3n, as\u00ed como no haber realizado entrenamiento o actividad f\u00edsica 2 horas previas a su evaluaci\u00f3n.<\/li>\n<li>Asistir con ba\u00f1o diario y evitar el exceso de talco en calcetines y calzado.<\/li>\n<\/ul>\n<p>Determinaremos % grasa y m\u00fasculo, as\u00ed como una recomendaci\u00f3n en cuanto a tu composici\u00f3n corporal.<\/p>\n<p>*Consulta m\u00e1s informaci\u00f3n directamente en Front Desk de tu club Sportium o directamente en Sportium Lomas Verdes o Del Valle.<\/p>\n<p>Ya lo sabes, \u00a1empieza a lograr tus prop\u00f3sitos hoy mismo!<\/p>\n","protected":false},"excerpt":{"rendered":"<p>Tu Club Sportium te invita a conocer el NUEVO CONSULTORIO DE NUTRICI\u00d3N\u00a0ya disponible en nuestro Club Lomas Verdes y Sportium Del Valle! Ahora\u00a0Nutri\u00f3logos de Sportium se encargar\u00e1n de brindarte servicio de nutrici\u00f3n profesional, enfocada en tus metas y resultados. As\u00ed, las asesor\u00edas est\u00e1n disponibles en la comodidad de Sportium Lomas Verdes, con horarios que se<a class=\"moretag\" href=\"https:\/\/www.sportium.com.mx\/blog\/consultorio-de-nutricion\/\"><span class=\"screen-reader-text\">Leer m\u00e1s sobre Consultorio de Nutrici\u00f3n<\/span>[&#8230;]<\/a><\/p>\n","protected":false},"author":11,"featured_media":0,"parent":0,"menu_order":0,"comment_status":"closed","ping_status":"closed","template":"","meta":{"om_disable_all_campaigns":false,"_monsterinsights_skip_tracking":false,"_monsterinsights_sitenote_active":false,"_monsterinsights_sitenote_note":"","_monsterinsights_sitenote_category":0,"jetpack_post_was_ever_published":false,"footnotes":""},"aioseo_notices":[],"jetpack_sharing_enabled":true,"jetpack_shortlink":"https:\/\/wp.me\/P44S03-6SJ","jetpack-related-posts":[],"_links":{"self":[{"href":"https:\/\/www.sportium.com.mx\/blog\/wp-json\/wp\/v2\/pages\/26457"}],"collection":[{"href":"https:\/\/www.sportium.com.mx\/blog\/wp-json\/wp\/v2\/pages"}],"about":[{"href":"https:\/\/www.sportium.com.mx\/blog\/wp-json\/wp\/v2\/types\/page"}],"author":[{"embeddable":true,"href":"https:\/\/www.sportium.com.mx\/blog\/wp-json\/wp\/v2\/users\/11"}],"replies":[{"embeddable":true,"href":"https:\/\/www.sportium.com.mx\/blog\/wp-json\/wp\/v2\/comments?post=26457"}],"version-history":[{"count":3,"href":"https:\/\/www.sportium.com.mx\/blog\/wp-json\/wp\/v2\/pages\/26457\/revisions"}],"predecessor-version":[{"id":28784,"href":"https:\/\/www.sportium.com.mx\/blog\/wp-json\/wp\/v2\/pages\/26457\/revisions\/28784"}],"wp:attachment":[{"href":"https:\/\/www.sportium.com.mx\/blog\/wp-json\/wp\/v2\/media?parent=26457"}],"curies":[{"name":"wp","href":"https:\/\/api.w.org\/{rel}","templated":true}]}}