{"id":2680,"date":"2017-05-29T19:42:21","date_gmt":"2017-05-29T19:42:21","guid":{"rendered":"https:\/\/www.sportium.com.mx\/blog\/?page_id=2680"},"modified":"2017-06-02T17:37:16","modified_gmt":"2017-06-02T17:37:16","slug":"evaluaciones-1er-trimestre-sportium","status":"publish","type":"page","link":"https:\/\/www.sportium.com.mx\/blog\/junio\/evaluaciones-1er-trimestre-sportium\/","title":{"rendered":"Evaluaciones 1er Trimestre"},"content":{"rendered":"<p>Del 10 al 16 de junio se llevar\u00e1n a cabo las evaluaciones del 1er trimestre durante tu clase de nataci\u00f3n.<\/p>\n<p>Nuestras clases son impartidas por profesionales del \u00e1rea, utilizando una metodolog\u00eda formativa-deportiva, mediante sistemas divertidos, recreativos y seguros, todo para brindarte la mejor atenci\u00f3n a la hora de entrar en los carriles de nado.<\/p>\n<p>Lleg\u00f3 la hora de demostrar todo lo aprendido durante tus clases, da lo mejor de ti durante las evaluaciones y consigue el \u00e9xito.<\/p>\n<p>Somos Sportium<\/p>\n","protected":false},"excerpt":{"rendered":"<p>Del 10 al 16 de junio se llevar\u00e1n a cabo las evaluaciones del 1er trimestre durante tu clase de nataci\u00f3n. Nuestras clases son impartidas por profesionales del \u00e1rea, utilizando una metodolog\u00eda formativa-deportiva, mediante sistemas divertidos, recreativos y seguros, todo para brindarte la mejor atenci\u00f3n a la hora de entrar en los carriles de nado. Lleg\u00f3<a class=\"moretag\" href=\"https:\/\/www.sportium.com.mx\/blog\/junio\/evaluaciones-1er-trimestre-sportium\/\"><span class=\"screen-reader-text\">Leer m\u00e1s sobre Evaluaciones 1er Trimestre<\/span>[&#8230;]<\/a><\/p>\n","protected":false},"author":11,"featured_media":0,"parent":2010,"menu_order":0,"comment_status":"closed","ping_status":"closed","template":"","meta":{"om_disable_all_campaigns":false,"_monsterinsights_skip_tracking":false,"_monsterinsights_sitenote_active":false,"_monsterinsights_sitenote_note":"","_monsterinsights_sitenote_category":0,"jetpack_post_was_ever_published":false,"footnotes":""},"aioseo_notices":[],"jetpack_sharing_enabled":true,"jetpack_shortlink":"https:\/\/wp.me\/P44S03-He","jetpack-related-posts":[],"_links":{"self":[{"href":"https:\/\/www.sportium.com.mx\/blog\/wp-json\/wp\/v2\/pages\/2680"}],"collection":[{"href":"https:\/\/www.sportium.com.mx\/blog\/wp-json\/wp\/v2\/pages"}],"about":[{"href":"https:\/\/www.sportium.com.mx\/blog\/wp-json\/wp\/v2\/types\/page"}],"author":[{"embeddable":true,"href":"https:\/\/www.sportium.com.mx\/blog\/wp-json\/wp\/v2\/users\/11"}],"replies":[{"embeddable":true,"href":"https:\/\/www.sportium.com.mx\/blog\/wp-json\/wp\/v2\/comments?post=2680"}],"version-history":[{"count":3,"href":"https:\/\/www.sportium.com.mx\/blog\/wp-json\/wp\/v2\/pages\/2680\/revisions"}],"predecessor-version":[{"id":2874,"href":"https:\/\/www.sportium.com.mx\/blog\/wp-json\/wp\/v2\/pages\/2680\/revisions\/2874"}],"up":[{"embeddable":true,"href":"https:\/\/www.sportium.com.mx\/blog\/wp-json\/wp\/v2\/pages\/2010"}],"wp:attachment":[{"href":"https:\/\/www.sportium.com.mx\/blog\/wp-json\/wp\/v2\/media?parent=2680"}],"curies":[{"name":"wp","href":"https:\/\/api.w.org\/{rel}","templated":true}]}}