{"id":3160,"date":"2017-06-14T21:00:22","date_gmt":"2017-06-14T21:00:22","guid":{"rendered":"https:\/\/www.sportium.com.mx\/blog\/?page_id=3160"},"modified":"2017-06-21T18:46:08","modified_gmt":"2017-06-21T18:46:08","slug":"reapertura-la-cancha-futbol-rapido-sportium-san-angel","status":"publish","type":"page","link":"https:\/\/www.sportium.com.mx\/blog\/eventos-sportium\/julio-sportium\/reapertura-la-cancha-futbol-rapido-sportium-san-angel\/","title":{"rendered":"Reapertura de la cancha de futbol r\u00e1pido Sportium San \u00c1ngel"},"content":{"rendered":"<p>En marzo de 2017 nuestras canchas de futbol en Sportium San \u00c1ngel cerraron sus puertas a los usuarios para iniciar un proceso de mantenimiento para impermeabilizar el techo del club.<\/p>\n<p><strong>El proceso consisti\u00f3 en:<\/strong><\/p>\n<ul>\n<li><strong>Cambiar toda la estructura met\u00e1lica y de paneles (circunferencia de la cancha).<\/strong><\/li>\n<li><strong>Levantamiento del pasto sint\u00e9tico<\/strong><\/li>\n<\/ul>\n<p>Para inmediatamente despu\u00e9s, impermeabilizar toda el \u00e1rea de la cancha, y evitar as\u00ed filtraciones hacia el club. De igual forma fue colocado un nivelante, para que todo el pasto sint\u00e9tico quedara parejo y no existieran as\u00ed bordes, los cuales podr\u00edan resultar en lesiones fuertes a los usuarios.<\/p>\n<p>Alrededor de la cancha, se coloc\u00f3 un colado de cemento, para que inmediatamente despu\u00e9s se recibiera el pasto sint\u00e9tico, y el soporte met\u00e1lico.<\/p>\n<p>Alrededor de la cancha se instauraron los paneles de fibra de vidrio, con lo \u00faltimo en tecnolog\u00eda para resistir cualquier cantidad de balonazos, paredes y jugadas futboleras a la hora de hacer correr a la redonda por el campo.<\/p>\n<p>Tanto la pared de la cancha como la estructura met\u00e1lica quedaron ensambladas una a una, una vez lograda esta fusi\u00f3n, se procedi\u00f3 a la colocaci\u00f3n del pasto sint\u00e9tico.<\/p>\n<p>El pasto sint\u00e9tico tiene adem\u00e1s caucho y arena, que sirve como amortiguador, ya que, sin estos dos componentes, pr\u00e1cticamente se estar\u00eda jugando en piso y esto ser\u00eda peligroso para los usuarios.<\/p>\n<p>El caucho sirve para evitar que el bal\u00f3n de botes excesivos y la arena como ya lo dijimos funciona como amortiguador.<\/p>\n<p>Para la reapertura de la cancha de futbol r\u00e1pido en Sportium San \u00c1ngel se planearon con el comit\u00e9 deportivo las siguientes actividades el d\u00eda 17 de junio del presente a\u00f1o:<\/p>\n<ul>\n<li><strong>8:45 am: Corte de list\u00f3n<\/strong><\/li>\n<li><strong>9:00 am a 11:00 am: Body Sistems Mix (Body Attack, CX Works, Body Balance)<\/strong><\/li>\n<li><strong>11:00 am a 13:00 pm: Partidos de futbol Infantil<\/strong><\/li>\n<li><strong>13:00 pm a 16:00 pm: \u00a0Partidos de futbol adultos<\/strong><\/li>\n<\/ul>\n<p>Ya lo sabes arma tu equipo con los amigos y disfruta la cancha de futbol r\u00e1pido que est\u00e1 de primer\u00edsimo nivel.<\/p>\n<p>Somos Sportium.<\/p>\n","protected":false},"excerpt":{"rendered":"<p>En marzo de 2017 nuestras canchas de futbol en Sportium San \u00c1ngel cerraron sus puertas a los usuarios para iniciar un proceso de mantenimiento para impermeabilizar el techo del club. El proceso consisti\u00f3 en: Cambiar toda la estructura met\u00e1lica y de paneles (circunferencia de la cancha). Levantamiento del pasto sint\u00e9tico Para inmediatamente despu\u00e9s, impermeabilizar toda<a class=\"moretag\" href=\"https:\/\/www.sportium.com.mx\/blog\/eventos-sportium\/julio-sportium\/reapertura-la-cancha-futbol-rapido-sportium-san-angel\/\"><span class=\"screen-reader-text\">Leer m\u00e1s sobre Reapertura de la cancha de futbol r\u00e1pido Sportium San \u00c1ngel<\/span>[&#8230;]<\/a><\/p>\n","protected":false},"author":11,"featured_media":0,"parent":2678,"menu_order":0,"comment_status":"closed","ping_status":"closed","template":"","meta":{"om_disable_all_campaigns":false,"_monsterinsights_skip_tracking":false,"_monsterinsights_sitenote_active":false,"_monsterinsights_sitenote_note":"","_monsterinsights_sitenote_category":0,"jetpack_post_was_ever_published":false,"footnotes":""},"aioseo_notices":[],"jetpack_sharing_enabled":true,"jetpack_shortlink":"https:\/\/wp.me\/P44S03-OY","jetpack-related-posts":[],"_links":{"self":[{"href":"https:\/\/www.sportium.com.mx\/blog\/wp-json\/wp\/v2\/pages\/3160"}],"collection":[{"href":"https:\/\/www.sportium.com.mx\/blog\/wp-json\/wp\/v2\/pages"}],"about":[{"href":"https:\/\/www.sportium.com.mx\/blog\/wp-json\/wp\/v2\/types\/page"}],"author":[{"embeddable":true,"href":"https:\/\/www.sportium.com.mx\/blog\/wp-json\/wp\/v2\/users\/11"}],"replies":[{"embeddable":true,"href":"https:\/\/www.sportium.com.mx\/blog\/wp-json\/wp\/v2\/comments?post=3160"}],"version-history":[{"count":1,"href":"https:\/\/www.sportium.com.mx\/blog\/wp-json\/wp\/v2\/pages\/3160\/revisions"}],"predecessor-version":[{"id":3161,"href":"https:\/\/www.sportium.com.mx\/blog\/wp-json\/wp\/v2\/pages\/3160\/revisions\/3161"}],"up":[{"embeddable":true,"href":"https:\/\/www.sportium.com.mx\/blog\/wp-json\/wp\/v2\/pages\/2678"}],"wp:attachment":[{"href":"https:\/\/www.sportium.com.mx\/blog\/wp-json\/wp\/v2\/media?parent=3160"}],"curies":[{"name":"wp","href":"https:\/\/api.w.org\/{rel}","templated":true}]}}