{"id":4492,"date":"2018-04-27T20:41:43","date_gmt":"2018-04-28T01:41:43","guid":{"rendered":"https:\/\/www.sportium.com.mx\/blog\/?page_id=4492"},"modified":"2018-05-04T12:28:16","modified_gmt":"2018-05-04T17:28:16","slug":"patricia-kholmann","status":"publish","type":"page","link":"https:\/\/www.sportium.com.mx\/blog\/beneficios\/patricia-kholmann\/","title":{"rendered":"Patricia Kholmann"},"content":{"rendered":"<p><span style=\"font-weight: 400;\">Patricia Kholmann, como muchos otros nadadores. tiene como su m\u00e1ximo referente de la nataci\u00f3n mundial al medallista ol\u00edmpico Michael Phelps, quien para muchos atletas se ha convertido en una inspiraci\u00f3n.. La nadadora mexicana particip\u00f3 en dos ediciones de Juegos Ol\u00edmpicos, Los \u00c1ngeles 1984 y Se\u00fal 1988, en donde en su primer asistencia logr\u00f3 colocarse en el n\u00famero 17 del ranking mundial con tan solo quince a\u00f1os de edad; actualmente contin\u00faa participando en competencias de alto rendimiento. <\/span><\/p>\n<p><span style=\"font-weight: 400;\">Desde los nueve a\u00f1os se adentro al mundo de la nataci\u00f3n, con el paso de los a\u00f1os la exigencia de los entrenamientos fue en aumento y a los once a\u00f1os se encaminaba hacia el m\u00e1ximo nivel de la nataci\u00f3n mundial. Un relevo en el Canal de la Mancha, maratones como el de la Ciudad de M\u00e9xico y el de Chicago, el Gran Fondo de Nueva York, entre otros, han sido escenarios en los que Paty ha tenido presencia. <\/span><\/p>\n<p><span style=\"font-weight: 400;\">Su d\u00eda a d\u00eda se ve impulsado por un motor compuesto por sus tres hijos, con los que ha tenido la oportunidad de compartir diversas actividades deportivas y ha logrado compartirles su gusto por los deportes. Al ser las actividades deportivas un componente esencial de su vida, considera que el apoyo por parte de las autoridades no es suficiente para estas; a su vez nos invita a participar en cualquier deporte para fomentar una buena cultura f\u00edsica. <\/span><\/p>\n","protected":false},"excerpt":{"rendered":"<p>Patricia Kholmann, como muchos otros nadadores. tiene como su m\u00e1ximo referente de la nataci\u00f3n mundial al medallista ol\u00edmpico Michael Phelps, quien para muchos atletas se ha convertido en una inspiraci\u00f3n.. La nadadora mexicana particip\u00f3 en dos ediciones de Juegos Ol\u00edmpicos, Los \u00c1ngeles 1984 y Se\u00fal 1988, en donde en su primer asistencia logr\u00f3 colocarse en<a class=\"moretag\" href=\"https:\/\/www.sportium.com.mx\/blog\/beneficios\/patricia-kholmann\/\"><span class=\"screen-reader-text\">Leer m\u00e1s sobre Patricia Kholmann<\/span>[&#8230;]<\/a><\/p>\n","protected":false},"author":11,"featured_media":0,"parent":2326,"menu_order":0,"comment_status":"closed","ping_status":"closed","template":"","meta":{"om_disable_all_campaigns":false,"_monsterinsights_skip_tracking":false,"_monsterinsights_sitenote_active":false,"_monsterinsights_sitenote_note":"","_monsterinsights_sitenote_category":0,"jetpack_post_was_ever_published":false,"footnotes":""},"aioseo_notices":[],"jetpack_sharing_enabled":true,"jetpack_shortlink":"https:\/\/wp.me\/P44S03-1as","jetpack-related-posts":[],"_links":{"self":[{"href":"https:\/\/www.sportium.com.mx\/blog\/wp-json\/wp\/v2\/pages\/4492"}],"collection":[{"href":"https:\/\/www.sportium.com.mx\/blog\/wp-json\/wp\/v2\/pages"}],"about":[{"href":"https:\/\/www.sportium.com.mx\/blog\/wp-json\/wp\/v2\/types\/page"}],"author":[{"embeddable":true,"href":"https:\/\/www.sportium.com.mx\/blog\/wp-json\/wp\/v2\/users\/11"}],"replies":[{"embeddable":true,"href":"https:\/\/www.sportium.com.mx\/blog\/wp-json\/wp\/v2\/comments?post=4492"}],"version-history":[{"count":1,"href":"https:\/\/www.sportium.com.mx\/blog\/wp-json\/wp\/v2\/pages\/4492\/revisions"}],"predecessor-version":[{"id":4493,"href":"https:\/\/www.sportium.com.mx\/blog\/wp-json\/wp\/v2\/pages\/4492\/revisions\/4493"}],"up":[{"embeddable":true,"href":"https:\/\/www.sportium.com.mx\/blog\/wp-json\/wp\/v2\/pages\/2326"}],"wp:attachment":[{"href":"https:\/\/www.sportium.com.mx\/blog\/wp-json\/wp\/v2\/media?parent=4492"}],"curies":[{"name":"wp","href":"https:\/\/api.w.org\/{rel}","templated":true}]}}