{"id":4506,"date":"2018-04-27T20:44:48","date_gmt":"2018-04-28T01:44:48","guid":{"rendered":"https:\/\/www.sportium.com.mx\/blog\/?page_id=4506"},"modified":"2018-04-27T20:44:48","modified_gmt":"2018-04-28T01:44:48","slug":"raquel-becker","status":"publish","type":"page","link":"https:\/\/www.sportium.com.mx\/blog\/beneficios\/raquel-becker\/","title":{"rendered":"Raquel Becker"},"content":{"rendered":"<p><span style=\"font-weight: 400;\">Raquel es una chica que desde peque\u00f1a ha realizado deportes, desde los cinco a\u00f1os hasta los doce practicaba gimnasia, despu\u00e9s los levantamientos ol\u00edmpicos se convirtieron en su pan de cada d\u00eda y actualmente es una atleta que practica parkour, escalada, nataci\u00f3n, acude al gimnasio y realiza artes marciales. <\/span><\/p>\n<p><span style=\"font-weight: 400;\">Confiar en su trabajo es parte de su filosof\u00eda, la pasi\u00f3n con la que se desempe\u00f1a en todo \u00e1mbito le ha permitido constatar que esforzarse al m\u00e1ximo le traer\u00e1 resultados positivos. Al ser sumamente disciplinada Raquel enfoca su determinaci\u00f3n tanto en sus entrenamientos como en su alimentaci\u00f3n en aras de mejorar su rendimiento f\u00edsico.<\/span><\/p>\n<p><span style=\"font-weight: 400;\">El estar rodeada de atletas la ha motivado a continuar a pesar de los malos d\u00edas; siempre busca contagiar a otros con su energ\u00eda e invitarlos a nunca rendirse en la b\u00fasqueda de sus sue\u00f1os a pesar de la adversidad que puede presentarse. \u00a0<\/span><\/p>\n<p><span style=\"font-weight: 400;\">Encuentra a Raquel en Instagram y Facebook como Raque_beck <\/span><\/p>\n","protected":false},"excerpt":{"rendered":"<p>Raquel es una chica que desde peque\u00f1a ha realizado deportes, desde los cinco a\u00f1os hasta los doce practicaba gimnasia, despu\u00e9s los levantamientos ol\u00edmpicos se convirtieron en su pan de cada d\u00eda y actualmente es una atleta que practica parkour, escalada, nataci\u00f3n, acude al gimnasio y realiza artes marciales. Confiar en su trabajo es parte de<a class=\"moretag\" href=\"https:\/\/www.sportium.com.mx\/blog\/beneficios\/raquel-becker\/\"><span class=\"screen-reader-text\">Leer m\u00e1s sobre Raquel Becker<\/span>[&#8230;]<\/a><\/p>\n","protected":false},"author":11,"featured_media":0,"parent":2326,"menu_order":0,"comment_status":"closed","ping_status":"closed","template":"","meta":{"om_disable_all_campaigns":false,"_monsterinsights_skip_tracking":false,"_monsterinsights_sitenote_active":false,"_monsterinsights_sitenote_note":"","_monsterinsights_sitenote_category":0,"jetpack_post_was_ever_published":false,"footnotes":""},"aioseo_notices":[],"jetpack_sharing_enabled":true,"jetpack_shortlink":"https:\/\/wp.me\/P44S03-1aG","jetpack-related-posts":[],"_links":{"self":[{"href":"https:\/\/www.sportium.com.mx\/blog\/wp-json\/wp\/v2\/pages\/4506"}],"collection":[{"href":"https:\/\/www.sportium.com.mx\/blog\/wp-json\/wp\/v2\/pages"}],"about":[{"href":"https:\/\/www.sportium.com.mx\/blog\/wp-json\/wp\/v2\/types\/page"}],"author":[{"embeddable":true,"href":"https:\/\/www.sportium.com.mx\/blog\/wp-json\/wp\/v2\/users\/11"}],"replies":[{"embeddable":true,"href":"https:\/\/www.sportium.com.mx\/blog\/wp-json\/wp\/v2\/comments?post=4506"}],"version-history":[{"count":1,"href":"https:\/\/www.sportium.com.mx\/blog\/wp-json\/wp\/v2\/pages\/4506\/revisions"}],"predecessor-version":[{"id":4507,"href":"https:\/\/www.sportium.com.mx\/blog\/wp-json\/wp\/v2\/pages\/4506\/revisions\/4507"}],"up":[{"embeddable":true,"href":"https:\/\/www.sportium.com.mx\/blog\/wp-json\/wp\/v2\/pages\/2326"}],"wp:attachment":[{"href":"https:\/\/www.sportium.com.mx\/blog\/wp-json\/wp\/v2\/media?parent=4506"}],"curies":[{"name":"wp","href":"https:\/\/api.w.org\/{rel}","templated":true}]}}